. Suppose 4*i - q*l = 784, -i - 4*i = -2*l - 992. What is the tens digit of i?
0
Let v(y) = 4*y**3 + 4*y**2 + 5*y + 9. Let u be v(-4). Let o = u + 77. Let n = 273 + o. What is the hundreds digit of n?
1
Let k be 29/4 - 12/48. Suppose 5*g - 3*b = 0, -2*b = -4*g + 2*b + 8. Let l = g + k. What is the units digit of l?
4
Let k(s) = -61*s**3 + 1 - 16*s + 118*s**3 - 6*s**2 - 59*s**3. What is the hundreds digit of k(-7)?
5
Let j be 159 + (-3)/((-12)/(-16)). Let q = 485 + j. What is the tens digit of q?
4
Suppose 170 = 11*o - 292. Suppose 0 = -2*x + o + 126. What is the units digit of x/4 - (-2 + 3)?
0
Let k(d) = 12*d**3 + 8*d + 6. Let c be k(-6). What is the hundreds digit of c/(-10) + 6/10?
2
What is the units digit of -13 + 28 + -19 + 17737 + -1?
2
Suppose -2149 = -4*y + 4*a + 3879, -5*y + 7526 = 4*a. Let m = 2247 - y. Suppose 5*g - 2*n - 576 - 659 = 0, -3*g = -2*n - m. What is the hundreds digit of g?
2
Let q = 15134 + -9809. What is the hundreds digit of q?
3
Let z(i) = 112*i + 28. Suppose -4*m + 10 = -3*p + 4, -2*m = -3*p. What is the hundreds digit of z(m)?
3
Let c(w) = 316*w + 1655. What is the thousands digit of c(21)?
8
Let l(g) = 401*g**2 - 1 + 5 - 394*g**2 - 12*g. What is the units digit of l(8)?
6
Suppose 4*r + 6346 = 6*r. Suppose -10*g + r = 9*g. What is the hundreds digit of g?
1
Suppose 388*c + 52 = 3*v + 389*c, -5*v - c + 84 = 0. Let k(a) = 6*a**3 - 2*a**2 + 2*a - 1. Let i be k(1). Suppose -i*q + v = 3*q. What is the units digit of q?
2
Let h = 14567 - 6777. What is the tens digit of h?
9
Suppose -5*k + 4*w + 9797 = -80659, 0 = 3*k - 2*w - 54274. What is the hundreds digit of k?
0
What is the hundreds digit of 0 + 1 - -1 - (-27 + -1601 + -1)?
6
Suppose -2*b = -5*b + 2*y, 2*y - 12 = -3*b. Suppose -22 = -b*w + 340. What is the tens digit of w?
8
Suppose 0 = k + 5*u + 500, -3147 = 4*k - 3*u - 1216. What is the tens digit of (-5 - (-7 - k))*-1?
8
Suppose 0 = 2*j + 4*s + 16, -16 = 5*j + 2*s + 2*s. Suppose 0 = -u - 4*t - j*t + 275, -12 = 3*t. Let z = u - 159. What is the tens digit of z?
3
Suppose 0 = 2*t - 5*t - 3*l + 19458, -l = -4*t + 25914. What is the units digit of t?
0
Let t(n) = n**3 + 4*n**2 - 10*n - 8. Let g be t(8). Suppose 3*f - 424 = 4*s, -22 - g = -5*f + 2*s. Suppose -16*d = -14*d - f. What is the tens digit of d?
7
Suppose 0 = 3*x - 2*b - 2, -4*x + 2*x = b + 1. Suppose -5*z = -x*z - 30. What is the units digit of (6/(-18))/((-2)/z) - -167?
8
Let t = -264 - -268. Suppose -83 = -t*c + 185. What is the units digit of c?
7
Suppose -1808*o + 1083140 = -1788*o. What is the units digit of o?
7
Let f = 94 - 89. Suppose -f*g + 14*g - 1116 = 0. What is the units digit of g?
4
What is the tens digit of ((-38972)/66 + 48/(-264))*(-96 - 0)?
0
Let v(d) = -d**2 + 7*d - 3. Let k be v(3). Let b(o) = o**2 + 6*o - 57. What is the units digit of b(k)?
8
Suppose 6*c - 42813 - 7862 + 1865 = 0. What is the units digit of c?
5
Suppose -144*v = -11*v - 1333197 - 93361. What is the ten thousands digit of v?
1
Suppose 90*o - 144590 + 40820 = 0. What is the tens digit of o?
5
Suppose 63*q - 59*q = -88. Let o be 30132/(-198) - 4/q. Let w = o + 219. What is the tens digit of w?
6
Let q(b) = -3*b + 9. Suppose 2*v - 5*y + 5 + 6 = 0, -4*v = 4*y + 92. Let f = 13 + v. What is the units digit of q(f)?
4
Suppose 2975 = -13*y + 973. Let r = 274 + y. What is the units digit of r?
0
Let s = 4105 - -14532. What is the units digit of s?
7
Let t(k) = -90*k**3 - k**2 - 13*k - 4. Let h be t(-4). Suppose 16*n - 10784 = h. What is the thousands digit of n?
1
Suppose 6761 + 3854 = 11*i. Let w = i + -606. Let l = -227 + w. What is the hundreds digit of l?
1
Suppose 14809 = 6*c - 3005. Suppose -c - 326 = -5*s. What is the units digit of s?
9
What is the ten thousands digit of (-113379)/42*((-64)/10 - (-4)/10)?
1
Let z be 708/39 - 22/143. Let r = 710 + z. What is the units digit of r?
8
Suppose 3*u + 102 = 2*u. Let v(c) = -27*c - 400. Let x be v(-21). Let g = u + x. What is the units digit of g?
5
Let m(z) = -5*z**3 + 2*z**2 + 4*z + 7. Let v(a) = 4*a**3 - 3*a**2 - 4*a - 7. Let f(w) = -5*m(w) - 6*v(w). Let q = -26 + 22. What is the units digit of f(q)?
5
Let x = -168 + 609. Let b = x + -60. What is the hundreds digit of b?
3
Suppose 216*g - 592896 + 16608 = 0. What is the hundreds digit of g?
6
Suppose -i - 3*q - 441 = -2*i, 4*i - 2*q = 1754. Suppose -2*f - 4*o + 0*o + i = 0, 443 = 2*f + 3*o. Suppose f = 5*h - 141. What is the tens digit of h?
7
Let c(z) = 34*z**3 + 5*z**2 + 15*z + 2. Let w be c(-3). Let a = 1824 + w. What is the tens digit of a?
0
Let l = -63 - -375. What is the hundreds digit of l + (-7)/(21/(-3))?
3
Let m(c) = -118*c - 69. Let v be m(-27). Let z = v - 2211. What is the units digit of z?
6
Let z(y) = y**3 + y - 1. Let g(u) = 3*u**3 + 2*u**2 - 7*u - 13. Let b(k) = -g(k) + 2*z(k). Suppose 34*n - 38*n - 20 = 0. What is the tens digit of b(n)?
4
Suppose -p = -5*w - 7165, p + 5*w = -2*p + 21415. What is the hundreds digit of p?
1
Let i(q) be the second derivative of q**4/6 - q**3/2 + 7*q**2/2 + 377*q. Let p be (-1)/2*14*-1. What is the tens digit of i(p)?
8
Let o(k) = 62*k**3 + k**2 + 16*k - 14. What is the tens digit of o(6)?
1
Suppose 7*j + 145 = 61. Let c(n) = n**2 + 13*n + 12. Let v be c(j). Suppose v = -5*u + 206 + 169. What is the units digit of u?
5
Let o = -7809 - -12412. What is the thousands digit of o?
4
Suppose -7*j - 6299 = -36812. Suppose 5*q + o - 5150 = 0, -5*q = -4*o - j - 791. What is the hundreds digit of q?
0
Let s = 140 + -135. Suppose -585 + 2620 = s*k. What is the hundreds digit of k?
4
Suppose 27*m + 142*m - 579086 = 4585892. What is the ten thousands digit of m?
3
Let j(n) = 19*n**2 - 91*n + 35. What is the hundreds digit of j(21)?
5
What is the thousands digit of (-8745426)/(-731) + 30/85?
1
What is the thousands digit of -2 - -2 - 1*(-30338)/7?
4
Let l = 876 - 604. Suppose 2*h = 1332 + l. What is the hundreds digit of h?
8
Let i(h) = -3*h**3 - 17*h**2 - 3*h - 59. What is the hundreds digit of i(-16)?
9
Suppose -13*v - 919 = 3397. Let d = v + 387. What is the units digit of d?
5
Suppose i - 440 = -3*i. Let s = -24 + i. Let y = s - 64. What is the units digit of y?
2
Let c = 295 + -276. Suppose 0 = -c*n - 16*n + 39410. What is the thousands digit of n?
1
Let i(n) = 2*n + 41. Let v(o) = -o**3 + 14*o**2 - 13*o - 17. Let p be v(13). Let t be i(p). Let s = 30 + t. What is the units digit of s?
7
What is the ten thousands digit of ((-290)/30)/((-9)/(116208/4))?
3
Suppose 2*c - 3*q + 2*q = 4871, 12178 = 5*c - 2*q. Suppose 5*p + c = 2*b + 2*p, 4*b = 4*p + 4876. Suppose -213 = 12*l - b. What is the units digit of l?
4
Let h = 44 + 1. Let i be 4*(h/(-4) - -3). What is the tens digit of ((-25)/4)/(i/(-36) + -1)?
7
Suppose 3814 = 5*s + 2*o - 3732, -3*s + o + 4532 = 0. Suppose 5*h - s = 14*z - 11*z, -302 = -h + 5*z. What is the hundreds digit of h?
3
Suppose 5*z + 3*f + 9126 = 44919, -3*z - f + 21483 = 0. What is the hundreds digit of z?
1
Let b be 3072/(-9)*-2 + (-8)/12. Let h be 10/15 + b/(-6). Let j = -80 - h. What is the tens digit of j?
3
What is the tens digit of 465/(-30)*(1 - 659)?
9
Let p = 93020 - 64501. What is the tens digit of p?
1
Suppose -7*f + 8*f - 221 = 0. Let l = -37 + f. What is the tens digit of l?
8
Suppose -3*o - 372 = -5*b, 0 = -b + 35*o - 33*o + 80. Suppose 77*y = b*y + 7570. What is the units digit of y?
4
What is the hundreds digit of 0 + 135726/14 - 4/(-14)?
6
Let t = -106 - -110. Suppose 3*j + t*a + 123 - 661 = 0, j = -4*a + 182. What is the tens digit of j?
7
Let q = 3 - -2. Suppose 2*c - 4 = -2*j, -c = -j - j - q. What is the tens digit of (c + 30/(-9))*-225?
7
Let c(k) = k**3 - k**2 + k + 4. Let u be c(0). Let q(w) = -w**2 + 7*w - 13. Let b be q(u). Let h(i) = 97*i**2 + i. What is the units digit of h(b)?
6
Let t = -262 + 273. What is the units digit of (t/(-4))/(-11) + 5710/8?
4
Let i = -14629 + 22839. What is the units digit of i?
0
Suppose 5*v + 2*t = 24768, 4*v = 21*t - 18*t + 19819. What is the tens digit of v?
5
Suppose -9*x - 8172 = -46062. Suppose -5*y - 17*w + 12*w = -x, -3*y = -2*w - 2516. What is the units digit of y?
0
Let y(b) = -372*b**2 + b - 3. Let k be y(1). Let o = k + 267. Let w = o + 126. What is the tens digit of w?
1
Let y(p) = -2*p**2 - 85*p - 623. What is the tens digit of y(-26)?
3
Suppose